k. Determine p(j).
6
Let y(j) = -3. Let c(z) = 2*z - 27. Let k(t) = c(t) - 6*y(t). Calculate k(13).
17
Let n(r) = 3*r + 9. Let t(u) = -5*u - 14. Let b(c) = -8*n(c) - 5*t(c). Calculate b(1).
-1
Let t(n) = 5*n + 74. Let r(g) = -g - 14. Let x(o) = -4*r(o) - t(o). Give x(-13).
-5
Let u = 0 + -5. Let j be 155/31*(1 - 1/u). Let c(d) = d**3 - 7*d**2 + 9*d - 9. What is c(j)?
9
Let j = 641 - 651. Let w(v) = -v**2 - 6*v - 3. What is w(j)?
-43
Suppose -5*z - 3*n = -29, 2*z = z - n + 7. Suppose 9*y - z*y = 20. Let l(d) = -2*d + 2. What is l(y)?
-6
Let f(k) = 1 + k**2 + 3 - 6*k - 2*k**2. Let v(h) = h**2 + 15*h + 7. Let n = 88 - 102. Let i be v(n). Calculate f(i).
-3
Let m(k) = 3*k - 12 - 21 + 36. Let o = -14 - -12. Give m(o).
-3
Let h(x) = -x**3 + 5*x**2 + x - 3. Let j be h(5). Let c be 4/j - 3/3. Let y be -7*c/(7/(-6)). Let o(r) = 2*r - 2. Give o(y).
10
Let s(o) = 4*o - 5. Suppose -5*j + 19 - 4 = 0. Suppose -j*k + 0 + 15 = 0. Calculate s(k).
15
Let y(j) = -2*j + 2. Let b(v) = v - 1. Let l be b(-7). Suppose 4*q + 48 = -5*h, -2*q - h - 14 - 10 = 0. Let r = q - l. Determine y(r).
10
Let l(h) = -h**3 - h + 3. Let f be l(0). Suppose -6*c - 28 = -13*c. Suppose -f*r = 8 + c. Let y(p) = -2*p. Determine y(r).
8
Let x(w) = w**2 + 13*w - 14. Suppose -f - g = -315 + 332, 2*f + 30 = -g. Determine x(f).
-14
Let m(r) = 10*r - 5. Let j(h) = -12*h + 6. Let q(p) = -3*j(p) - 4*m(p). Let b(z) = -4*z**3 + 2*z**2 + 3*z + 2. Let n be b(-1). Calculate q(n).
-18
Suppose -5*k + k = 5*a + 23, k + 2 = 0. Let h(w) = -2*w - 4. What is h(a)?
2
Let j = 193 - 106. Let v = -94 + j. Let y(r) = -r - 7. What is y(v)?
0
Let o(s) = 2*s**2 + 9*s - 11. Let m(y) = y**2 + 9*y - 10. Let k(i) = -3*m(i) + 2*o(i). Let j = -29 - -37. Calculate k(j).
0
Let l be 3 - (6/3 + 1). Suppose -3*g - 2*g - 25 = l. Let w(i) = 3*i + 6. Give w(g).
-9
Let w(h) be the first derivative of -h**5/20 + h**4/2 + 2*h**2 - 29*h - 17. Let p(c) be the first derivative of w(c). What is p(6)?
4
Let o(g) = -16*g**3 + 11*g**2 - g - 13. Let x(k) = -9*k**3 + 6*k**2 - k - 7. Let r(l) = 4*o(l) - 7*x(l). Determine r(3).
-3
Let n be ((-8)/(-10))/(3/15) + 1. Let y(h) = h**2. Let p be (2 + 5/(-2))*-2. Let z(j) = -j**3 + 5*j**2 - 4*j + 6. Let b(c) = p*y(c) + z(c). Determine b(n).
11
Let n(v) = -2*v**2 + 5*v + 10. Let q be n(-2). Let d(g) = 3*g + 7. Determine d(q).
-17
Let a(p) be the second derivative of 2*p**5/5 + p**4/12 + p**3/6 - p. Suppose 3 = -4*y - r, 2 = -15*y + 10*y - 3*r. Determine a(y).
-8
Let l(y) = -y**3 + 4*y**2 + y + 1. Let h(g) = g + 14. Let c be h(-12). Let b be c/(-4)*(-3 + -3). Suppose -d + 0 = 5*m + 1, 3*m = b*d - 15. Determine l(d).
5
Let k(m) be the first derivative of 1/360*m**6 + 0*m + 0*m**2 + 1/3*m**3 + 10 - 1/12*m**4 - 1/30*m**5. Let h(i) be the third derivative of k(i). Determine h(5).
3
Let v = 211 + -214. Let k(l) = -l**2 - 3*l + 1. Calculate k(v).
1
Let r(k) = -9 + 1112*k - 1112*k + k**3. Suppose -y - y - 2*h + 2 = 0, -5*h = 3*y - 5. Calculate r(y).
-9
Let f = 3 - -6. Suppose 0 = -4*t + j - 0*j + f, 2*j + 6 = 2*t. Suppose t*m = 4*m + 14. Let q(g) = g**2 + 8*g + 3. Give q(m).
-4
Let v(x) = 15*x - 16. Let i(a) = a**3 - 11*a**2 + a - 5. Let f be i(11). Let w(j) = -7*j + 8. Let m(h) = f*v(h) + 13*w(h). Calculate m(5).
3
Let n(v) = -4*v - 5 - 4*v + 3 - v**2. Suppose -44*q - 21 = 243. Determine n(q).
10
Let o be 8/2*(-6 + 105/10). Let t(s) = -o*s + 3 - 18*s + 37*s. Determine t(5).
8
Let l(y) be the second derivative of y**4/8 + y**3 - y**2/2 - 3*y. Let p(r) be the first derivative of l(r). Suppose -10 = -45*i + 47*i. Calculate p(i).
-9
Let j(w) = -4*w**2 - 1. Suppose 0 = -2*t - 4*v, t + 3*v - 20 = -3*t. Suppose 0 = 2*o - t + 10. Determine j(o).
-5
Let n(g) be the third derivative of g**5/120 - 7*g**4/24 - 5*g**3/6 - 13*g**2. Let p(x) be the first derivative of n(x). Calculate p(4).
-3
Let z(m) = -1. Let s = 73 + -74. Let g(o) = -2 + 3 - 2*o + 5 + o**3 + 7*o + 7*o**2. Let a(k) = s*g(k) - 5*z(k). Give a(-6).
-7
Suppose 5*t + 40 = -c + 6*c, t + 2*c = -23. Let d = t + 13. Let n(b) = 5*b - 2. Let g(o) = -4*o + 2. Let v(m) = 4*g(m) + 3*n(m). What is v(d)?
2
Let h be (-1 - -4)*-1 - -8. Let i(o) be the third derivative of -o**4/24 + o**3 + 330*o**2 + 1. Determine i(h).
1
Let t(x) be the third derivative of x**6/120 + x**5/12 - 5*x**4/8 - x**3 - 56*x**2. Calculate t(-7).
1
Suppose 0 - 3 = -a - 3*x, -3*a - 4*x = 6. Let v(h) be the third derivative of 1/24*h**4 + 0 + 5/6*h**3 + 0*h - h**2. Give v(a).
-1
Let k be ((-135)/(-9) + -18)*14/6. Let g(q) = -3*q. What is g(k)?
21
Let x(n) = n**3 - n - 1. Let h(o) = 7*o**3 - 14*o**2 + 5*o + 9. Let w(y) = -h(y) + 6*x(y). What is w(13)?
11
Let c(i) = -i**3 + 12*i - 1. Let v be c(-4). Let p(y) = -y + 29. Give p(v).
14
Suppose 3*d + 2*a + 16 = 0, a + 5 = 6*a. Let b(w) = -w**3 - 7*w**2 - 5*w + 8. Let s be b(d). Let o(g) = -s + g + 6 + 4. Give o(6).
14
Let b(d) = -3*d - 36. Suppose -15*o + 5*o - 140 = 0. Let y be b(o). Let u(m) = m**2 - m**2 - 9 + 7*m - m**2. Determine u(y).
-3
Suppose x - 6 = -4. Let v be ((-40)/(-32))/(x/8). Suppose 3*w + 15 = 2*w + v*a, 3*a = 2*w + 16. Let r(t) = t**2 + 7*t + 3. Calculate r(w).
-7
Suppose 2*v - 13 = -3*f, 3 = 2*f + 3*v - 4. Let y(z) be the second derivative of z**5/20 - 5*z**4/12 - z**3/6 - z**2 - z. Determine y(f).
-7
Let i(r) = r**2 - 12*r + 2. Suppose 7*v = 5*v - y + 21, -4*y = 2*v - 12. Determine i(v).
2
Suppose 9 = -7*a + 44. Let g(s) = -5*s**2 - 8*s + 9. Let m(o) = -6*o**2 - 9*o + 10. Let t(n) = -7*g(n) + 6*m(n). What is t(a)?
-18
Let c be -14 + (44/(-4) - -24). Let p(q) = -48*q**3 + 2*q**2 + 2*q + 1. Give p(c).
49
Let y(n) = n + 1. Let h(d) be the second derivative of d**3/6 + 3*d**2/2 - 2*d. Let z be h(-3). Calculate y(z).
1
Let o(v) = 3*v + 8. Let l(b) = 7*b + 19. Let i(w) = 2*l(w) - 5*o(w). What is i(-6)?
4
Let r(j) = -827 - 834 + 1660 - 29*j. Determine r(-1).
28
Let y(g) = 11*g**3 + 2*g**2 - 1. Let m be ((-100)/(-250))/((-2)/5). Give y(m).
-10
Let f be 0 - (-15)/((-60)/8). Let x(h) = -4*h**2 + 2. Determine x(f).
-14
Let m(h) = h**2 + 12*h + 9. Let y = 477 - 488. Give m(y).
-2
Let r = 48 - 24. Let k be (r/15)/(8/20). Let f(p) = p + k - 2*p - 8. What is f(-4)?
0
Suppose 3*q + 2*q = 0. Let d = 3 + 0. Let w(v) = 1 + d*v + v**2 + 0*v**2 + q - 2. Calculate w(-4).
3
Let u(v) be the second derivative of v**6/360 + v**5/120 - 3*v**4/8 - 4*v**3 + 4*v. Let t(r) be the second derivative of u(r). Calculate t(0).
-9
Let s(o) = -6*o + 1. Suppose h - g = -4 + 8, 0 = -h - 5*g - 14. Suppose 3*b = -4*r + 5*r + 8, 0 = -5*r - 10. Suppose z = b*z - h. What is s(z)?
-5
Suppose 13 + 47 = 20*t. Let r(k) = 9*k - 11*k + t*k + 14. What is r(-8)?
6
Let x(f) = 3*f + 3. Let m = -9 + 11. Let z be (12/(-2))/(m - 4). Suppose -3*l - 15 = 0, -4*c + 0*l + 7 = -z*l. Give x(c).
-3
Let j be 44/6 - (-9)/(-27). Suppose j*r = -23 - 12. Let b(h) = -h**2 - 5*h + 2. Give b(r).
2
Let n(p) = -p**3 + 4*p**2 - 4*p + 3. Let z(v) be the first derivative of 5*v**2/2 + 32*v - 37. Let s be z(-6). What is n(s)?
3
Let o(w) = 8*w + 8. Let l = 397 + -399. Calculate o(l).
-8
Let i(d) = d**2 + 5*d - 2. Let z = 2 + 1. Suppose 0 = 5*w - 3*j - 37, -2*j - 3 = -z*w - 5*j. Let q = 0 - w. Determine i(q).
-2
Let i(b) = -2*b - 5. Let z be i(-5). Suppose -z*l - 5*f + f - 13 = 0, f + 17 = -4*l. Let d(u) = -u**3 - 5*u**2. Give d(l).
0
Let s(u) be the first derivative of u**5/20 - u**4/6 + u**3/3 - u**2/2 - 6*u + 4. Let o(m) be the first derivative of s(m). Determine o(1).
0
Let w be 1 + (-6)/6 + -1. Let f(t) = 10*t**3 + 1 + t + 0 + t + 2*t**2. Determine f(w).
-9
Let s(j) = j - 2. Let o(f) = -1. Let b(x) = 2*o(x) - s(x). Give b(6).
-6
Suppose -b = 4*j, -3*j = -4*j + 2*b. Let y(f) = -f**2 + 19. Calculate y(j).
19
Let q = -84 + 86. Let a(o) be the third derivative of 13/6*o**3 + 0*o + 0 + 1/24*o**4 + 3*o**q. Give a(-6).
7
Let q(w) = -w**3 + 12*w**2 + 27*w. Let j(g) = -6*g**2 + 24*g + 14. Let k be j(4). Calculate q(k).
-14
Let h be 42/7 - (-3 - -4). Let j(f) = 10*f - 14*f + h*f. Determine j(-7).
-7
Let x(m) = m**2 - 3*m - 1. Let t(z) = 6*z**2 + 3 - 64*z**3 + z**2 + 63*z**3. Let u be t(7). Calculate x(u).
-1
Let z(h) be the first derivative of h**5/6 - h**3/6 + 3*h**2/2 + 3. Let y(j) be the second derivative of z(j). Suppose -41*b - 14 - 27 = 0. Calculate y(b).
9
Let k be 15/30*(-1 + 0)*2. Let g(o) = -10*o**3 - o**2